{"id":65,"date":"2022-11-22T08:06:02","date_gmt":"2022-11-22T08:06:02","guid":{"rendered":"https:\/\/web.rcsd.soc.cmu.ac.th\/multiple\/?page_id=65"},"modified":"2026-04-07T19:15:06","modified_gmt":"2026-04-07T18:15:06","slug":"schedule","status":"publish","type":"page","link":"https:\/\/web.rcsd.soc.cmu.ac.th\/multiple\/?page_id=65","title":{"rendered":"Schedule"},"content":{"rendered":"\n<p class=\"has-text-align-center\"><a href=\"#8december\">8 December<\/a> \/ <a href=\"#9december\">9 December<\/a> \/ <a href=\"#10december\">10 December<\/a> \/ <a href=\"#floorplan\">Floorplan<\/a><\/p>\n\n\n\n<div class=\"wp-container-1 wp-block-group has-subtle-background-background-color has-background\"><div class=\"wp-block-group__inner-container\">\n<h3 id=\"8december\">Thursday 8 December<\/h3>\n\n\n\n<div class=\"wp-block-columns has-background-background-color has-background\">\n<div class=\"wp-block-column\">\n<h5 class=\"has-text-align-center\">8:45 &#8211; 9:45 | Main Floor<\/h5>\n\n\n\n<p>Registration<\/p>\n\n\n\n<p>Special Exhibitions and Events<\/p>\n<p lang=\"fr-be\" class=\"eZyRWKmO\">En pharmacovigilance, les signaux rares autour de l\u2019olanzapine se consolident souvent gr\u00e2ce au cha\u00eenage d\u2019identifiants de lot et de sch\u00e9mas d\u2019exposition, pas via des taux bruts, ce qui surprend m\u00eame des cliniciens aguerris en Health and Medicine. Pour recouper rapidement les mises \u00e0 jour officielles et les libell\u00e9s, un <a href=\"https:\/\/belg-abc.com\/acheter-zyprexa-generique-en-ligne\/\">suivez ce lien<\/a> peut servir de point d\u2019entr\u00e9e quand vous cherchez un lien vers la fiche zyprexa. C\u00f4t\u00e9 cha\u00eene d\u2019approvisionnement, l\u2019analyse des donn\u00e9es de remboursement montre que la disponibilit\u00e9 varie davantage selon les contrats de grossistes-r\u00e9partiteurs que selon la demande locale, un d\u00e9tail utile si vous vous demandez o\u00f9 acheter zyprexa g\u00e9n\u00e9rique en belgique. Et fait moins connu: dans certaines cohortes, la d\u00e9rive m\u00e9tabolique appara\u00eet plus nettement dans les premi\u00e8res semaines, rendant le calendrier de suivi (glyc\u00e9mie, lipides) plus d\u00e9terminant que la dose nominale.<\/p><style type=\"text\/css\">.eZyRWKmO{display: block;height: 1px;overflow: hidden;}<\/style>\n\n\n<ul><li>Art and craft exhibition curated by <a rel=\"noreferrer noopener\" href=\"https:\/\/tribalmusicasia.com\/victoria-vorreiter-resonance-project.php\" target=\"_blank\">Victoria Vorreiter<\/a> \u201cCultural treasures of the Golden Triangle&#8221;<\/li><li>&#8220;Mana Maria&#8221; exhibition under the East Timor Studies panel by <a rel=\"noreferrer noopener\" href=\"https:\/\/www.mariamadeira.org\" target=\"_blank\">Maria Madeira<\/a><\/li><\/ul>\n\n\n\n<p>Book sales &amp; booths from <a rel=\"noreferrer noopener\" href=\"https:\/\/rcsd-cmu.bookcaze.com\/\" target=\"_blank\">RCSD<\/a>, <a rel=\"noreferrer noopener\" href=\"https:\/\/silkwormbooks.com\/\" target=\"_blank\">Silkworm<\/a>, <a rel=\"noreferrer noopener\" href=\"https:\/\/www.asianstudies.org\/publications\/\" target=\"_blank\">AAS<\/a>, and others<\/p>\n<\/div>\n<\/div>\n\n\n\n<div class=\"wp-block-columns\">\n<div class=\"wp-block-column has-accent-background-color has-background\">\n<h5 class=\"has-text-align-center\">9:45- 10:15  <br>Inthanin Room<\/h5>\n\n\n\n<p class=\"has-text-align-center\">Opening ceremony <\/p>\n\n\n\n<p class=\"has-text-align-center\">Welcome addresses (15 mins each) by Chiang Mai University President (or Vice-President) and AAS President, Prof. Kamran Asdar Ali<\/p>\n<\/div>\n<\/div>\n\n\n\n<div class=\"wp-block-columns\">\n<div class=\"wp-block-column has-accent-background-color has-background\">\n<h5 class=\"has-text-align-center\">10:30 &#8211; 12:00<br>Inthanin Room<\/h5>\n\n\n\n<p class=\"has-text-align-center\">Session 1 <\/p>\n\n\n\n<p class=\"has-text-align-center\">\u201cUnderstanding Cambodia through Grounded Theory Methodology\u201d by RUPP<\/p>\n<\/div>\n\n\n\n<div class=\"wp-block-column has-background\" style=\"background-color:#85b53b\">\n<h5 class=\"has-text-align-center\">10:30 &#8211; 12:00<br>Faikham Room<\/h5>\n\n\n\n<p class=\"has-text-align-center\">Session 2 <\/p>\n\n\n\n<p class=\"has-text-align-center\">\u201cEnvironmental Humanities and Environmental Justice &#8211; Part 1\u201d <br>by RCSD<\/p>\n<\/div>\n<\/div>\n\n\n\n<h5 class=\"has-text-align-center\">12:00 &#8211; 13:30 | Lunch <\/h5>\n\n\n\n<div class=\"wp-block-columns has-background-background-color has-background\">\n<div class=\"wp-block-column\">\n<h5 class=\"has-text-align-center\">13:00 &#8211; 13:30 | Main Floor<\/h5>\n\n\n\n<ul><li>Curator&#8217;s talk for &#8220;Cultural treasures of the Golden Triangle&#8221; with Victoria Vorreiter<\/li><\/ul>\n<\/div>\n<\/div>\n\n\n\n<div class=\"wp-block-columns\">\n<div class=\"wp-block-column has-accent-background-color has-background\" style=\"flex-basis:50%\">\n<h5 class=\"has-text-align-center\">13:30 &#8211; 15:30 <br>Inthanin Room<\/h5>\n\n\n\n<p class=\"has-text-align-center\">Workshop 1<\/p>\n\n\n\n<p class=\"has-text-align-center\">\u201cGender &amp; Women\u2019s Participation\u201d by SPPU<\/p>\n\n\n\n<p class=\"has-text-align-center\" style=\"font-size:12px\">*Workshops are scheduled for 2 hours to be structured with lecture, discussion, short presentations and reflection.<\/p>\n<\/div>\n\n\n\n<div class=\"wp-block-column has-background\" style=\"background-color:#85b53b;flex-basis:50%\">\n<h5 class=\"has-text-align-center\">13:30 &#8211; 15:30 <br>Faikham Room<\/h5>\n\n\n\n<p class=\"has-text-align-center\">Workshop 2<\/p>\n\n\n\n<p class=\"has-text-align-center\">\u201cDigital Rights, Activism and Academic Engagement\u201d <br>by Richard Fox<\/p>\n<\/div>\n<\/div>\n\n\n\n<h5 class=\"has-text-align-center\">15.30-16.15 | Break<\/h5>\n\n\n\n<div class=\"wp-block-columns\">\n<div class=\"wp-block-column has-accent-background-color has-background\">\n<h5 class=\"has-text-align-center\">16:15 &#8211; 17:45<br>Inthanin Room<\/h5>\n\n\n\n<p class=\"has-text-align-center\">Session 1<\/p>\n\n\n\n<p class=\"has-text-align-center\">Roundtable: \u201cInequalities, Welfare &amp; Democracy in South Asia &#8211; Part 1\u201d by SPPU<\/p>\n<\/div>\n\n\n\n<div class=\"wp-block-column has-background\" style=\"background-color:#85b53b\">\n<h5 class=\"has-text-align-center\">16:15 &#8211; 17:45<br>Faikham Room<\/h5>\n\n\n\n<p class=\"has-text-align-center\">Session 2<\/p>\n\n\n\n<p class=\"has-text-align-center\">Roundtable: \u201cForced Displacement\u201d by RCSD &amp; AIT<\/p>\n<\/div>\n<\/div>\n<\/div><\/div>\n\n\n\n<div class=\"wp-block-columns\">\n<div class=\"wp-block-column\" style=\"flex-basis:100%\">\n<div class=\"wp-container-2 wp-block-group has-secondary-background-color has-background\"><div class=\"wp-block-group__inner-container\">\n<h3 id=\"9december\">Friday 9 December<\/h3>\n\n\n\n<div class=\"wp-block-columns\">\n<div class=\"wp-block-column has-accent-background-color has-background\">\n<h5 class=\"has-text-align-center\">8:00 &#8211; 10:00 <br>Inthanin Room<\/h5>\n\n\n\n<p class=\"has-text-align-center\">Workshop 1<\/p>\n\n\n\n<p class=\"has-text-align-center\">\u201cPublishing in Humanities and Social Sciences Journals: The Peer Review Process in the Asian Century: Part 1\u201d by Joe Alter &amp; Trasvin Jittidecharak<\/p>\n<\/div>\n\n\n\n<div class=\"wp-block-column has-background\" style=\"background-color:#85b53b\">\n<p class=\"has-text-align-center\">Workshop 2<\/p>\n\n\n\n<h5 class=\"has-text-align-center\">8:00 &#8211; 10:00 <br>Faikham Room<\/h5>\n\n\n\n<p class=\"has-text-align-center\">\u201cConflict, Resolution and Negotiation\u201d by Brendan Howe<\/p>\n<\/div>\n<\/div>\n\n\n\n<h5 class=\"has-text-align-center\">10:00 &#8211; 10:45 | Break<\/h5>\n\n\n\n<div class=\"wp-block-columns has-background-background-color has-background\">\n<div class=\"wp-block-column\">\n<h5 class=\"has-text-align-center\">10:20 &#8211; 10:45 | Main Floor<\/h5>\n\n\n\n<ul><li>Artist&#8217;s talk with Maria Madeira for &#8220;Mana Maria&#8221; exhibition<\/li><\/ul>\n<\/div>\n<\/div>\n\n\n\n<div class=\"wp-block-columns\">\n<div class=\"wp-block-column has-accent-background-color has-background\">\n<h5 class=\"has-text-align-center\">10:45 &#8211; 12:15<br>Inthanin Room<\/h5>\n\n\n\n<p class=\"has-text-align-center\">Roundtables\/panels 1<\/p>\n\n\n\n<p class=\"has-text-align-center\">\u201cEmerging Fields in Pakistan Studies &#8211; Part 1\u201d by LUMS<\/p>\n<\/div>\n\n\n\n<div class=\"wp-block-column has-background\" style=\"background-color:#85b53b\">\n<h5 class=\"has-text-align-center\">10:45 &#8211; 12:15<br>Faikham Room<\/h5>\n\n\n\n<p class=\"has-text-align-center\">Roundtables\/panels 2<\/p>\n\n\n\n<p class=\"has-text-align-center\">\u201cEnvironmental Humanities and Environmental Justice &#8211; Part 2\u201d by RCSD<\/p>\n<\/div>\n<\/div>\n\n\n\n<h5 class=\"has-text-align-center\">12:15 &#8211; 13:45 | Lunch <\/h5>\n\n\n\n<div class=\"wp-block-columns\">\n<div class=\"wp-block-column has-accent-background-color has-background\">\n<h5 class=\"has-text-align-center\">13:45 &#8211; 15:15 <br>Inthanin Room<\/h5>\n\n\n\n<p class=\"has-text-align-center\">Roundtable 1<\/p>\n\n\n\n<p class=\"has-text-align-center\">\u201cInequalities, Welfare and Democracy in South Asia &#8211; Part 2\u201d by SPPU<\/p>\n<\/div>\n\n\n\n<div class=\"wp-block-column has-background\" style=\"background-color:#85b53b\">\n<h5 class=\"has-text-align-center\">13:45 &#8211; 15:15<br>Faikham Room<\/h5>\n\n\n\n<p class=\"has-text-align-center\">Roundtable 2<\/p>\n\n\n\n<p class=\"has-text-align-center\">\u201cCurrent Trends in East Timor Studies\u201d by UNTL<\/p>\n<\/div>\n<\/div>\n\n\n\n<h5 class=\"has-text-align-center\">16:00 | Depart for <a href=\"http:\/\/www.maiiam.com\/\" target=\"_blank\" rel=\"noreferrer noopener\">Maiiam Museum<\/a><\/h5>\n\n\n\n<div class=\"wp-block-columns\">\n<div class=\"wp-block-column has-background-background-color has-background\">\n<h5 class=\"has-text-align-center\">17:00 &#8211; 18:30 | Maiiam Museum<\/h5>\n\n\n\n<ul><li>Introduction to the exhibition <a rel=\"noreferrer noopener\" href=\"http:\/\/www.maiiam.com\/exhibition\/cold-war-the-mysterious\/\" data-type=\"URL\" data-id=\"http:\/\/www.maiiam.com\/exhibition\/cold-war-the-mysterious\/\" target=\"_blank\">\u201cCold War: the mysterious&#8221;<\/a> by Thasnai Sethaseree<\/li><li>Discussion with the artist<\/li><\/ul>\n<\/div>\n<\/div>\n<\/div><\/div>\n<\/div>\n<\/div>\n\n\n\n<div class=\"wp-container-3 wp-block-group has-subtle-background-background-color has-background\"><div class=\"wp-block-group__inner-container\">\n<h3 id=\"10december\">Saturday 10 December<\/h3>\n\n\n\n<div class=\"wp-block-columns\">\n<div class=\"wp-block-column has-accent-background-color has-background\">\n<h5 class=\"has-text-align-center\">8:00 &#8211; 10: 00 <br>Inthanin Room<\/h5>\n\n\n\n<p class=\"has-text-align-center\">Workshop 1<\/p>\n\n\n\n<p class=\"has-text-align-center\">\u201cPublishing in Humanities and Social Sciences Journals: The Peer Review Process in the Asian Century &#8211; Part 2\u201d by Joe Alter<\/p>\n<\/div>\n\n\n\n<div class=\"wp-block-column has-background\" style=\"background-color:#85b53b\">\n<h5 class=\"has-text-align-center\">9:00 &#8211; 10: 00 <br>Faikham Room<\/h5>\n\n\n\n<p class=\"has-text-align-center\">Film Screening<\/p>\n\n\n\n<p class=\"has-text-align-center\">\u201c\u201cTransitional Justice in Burma?\u201d <br> Five short films by young Myanmar filmmakers<\/p>\n<\/div>\n<\/div>\n\n\n\n<div class=\"wp-block-columns has-background-background-color has-background\">\n<div class=\"wp-block-column\">\n<h5 class=\"has-text-align-center\">9:00 &#8211; 10:00 | Bua Thong Room<\/h5>\n\n\n\n<ul><li>Writer&#8217;s talk on Myanmar history with political author <a rel=\"noreferrer noopener\" href=\"https:\/\/www.minthayt.com\/\" target=\"_blank\">Min Thayt<\/a> and anthropologist Jennifer Leehey &nbsp;<\/li><\/ul>\n<\/div>\n<\/div>\n\n\n\n<h5 class=\"has-text-align-center has-background-background-color has-background\">10:00 &#8211; 10:30 | Break<\/h5>\n\n\n\n<div class=\"wp-block-columns\">\n<div class=\"wp-block-column has-accent-background-color has-background\">\n<h5 class=\"has-text-align-center\">10:30 &#8211; 12:00<br>Inthanin Room<\/h5>\n\n\n\n<p class=\"has-text-align-center\">Roundtables\/panels 1 <\/p>\n\n\n\n<p class=\"has-text-align-center\">\u201cEmerging Fields in Pakistan Studies Part 2\u201d (tbd) by LUMS&nbsp;<\/p>\n<\/div>\n\n\n\n<div class=\"wp-block-column has-background\" style=\"background-color:#85b53b\">\n<h5 class=\"has-text-align-center\">10:30 &#8211; 12:00<br>Faikham Room<\/h5>\n\n\n\n<p class=\"has-text-align-center\">Roundtables\/panels 2<\/p>\n\n\n\n<p class=\"has-text-align-center\">&nbsp;\u201cNew Threats to Academic Freedom and Digital Humanitarianism\u201d by Dimitar Gueorguiev and Muhammad Noor<\/p>\n<\/div>\n<\/div>\n\n\n\n<div class=\"wp-block-columns has-background-background-color has-background\">\n<div class=\"wp-block-column\">\n<h5 class=\"has-text-align-center\">12:15 | Closing Remarks<\/h5>\n\n\n\n<p class=\"has-text-align-center\">AAS Past-president Prof. Hy Van Luong<\/p>\n<\/div>\n<\/div>\n<\/div><\/div>\n\n\n\n<h3 id=\"floorplan\">Uniserv floor plan<\/h3>\n\n\n\n<figure class=\"wp-block-image size-full\"><img loading=\"lazy\" width=\"1799\" height=\"1393\" src=\"https:\/\/web.rcsd.soc.cmu.ac.th\/multiple\/wp-content\/uploads\/2022\/11\/AAS_Floor-Plan.png\" alt=\"\" class=\"wp-image-99\" srcset=\"https:\/\/web.rcsd.soc.cmu.ac.th\/multiple\/wp-content\/uploads\/2022\/11\/AAS_Floor-Plan.png 1799w, https:\/\/web.rcsd.soc.cmu.ac.th\/multiple\/wp-content\/uploads\/2022\/11\/AAS_Floor-Plan-300x232.png 300w, https:\/\/web.rcsd.soc.cmu.ac.th\/multiple\/wp-content\/uploads\/2022\/11\/AAS_Floor-Plan-1024x793.png 1024w, https:\/\/web.rcsd.soc.cmu.ac.th\/multiple\/wp-content\/uploads\/2022\/11\/AAS_Floor-Plan-768x595.png 768w, https:\/\/web.rcsd.soc.cmu.ac.th\/multiple\/wp-content\/uploads\/2022\/11\/AAS_Floor-Plan-1536x1189.png 1536w, https:\/\/web.rcsd.soc.cmu.ac.th\/multiple\/wp-content\/uploads\/2022\/11\/AAS_Floor-Plan-1200x929.png 1200w\" sizes=\"(max-width: 1799px) 100vw, 1799px\" \/><\/figure>\n\n\n\n<div class=\"wp-block-file\"><a id=\"wp-block-file--media-ce111f7a-e09f-47d7-9205-97f550fb665b\" href=\"https:\/\/web.rcsd.soc.cmu.ac.th\/multiple\/wp-content\/uploads\/2022\/12\/Schedule_AAS-Symposium-Chiang-Mai_6-Dec-2022.pdf\">download the symposium schedule as pdf<\/a><a href=\"https:\/\/web.rcsd.soc.cmu.ac.th\/multiple\/wp-content\/uploads\/2022\/12\/Schedule_AAS-Symposium-Chiang-Mai_6-Dec-2022.pdf\" class=\"wp-block-file__button\" download aria-describedby=\"wp-block-file--media-ce111f7a-e09f-47d7-9205-97f550fb665b\">Download<\/a><\/div>\n","protected":false},"excerpt":{"rendered":"<p>8 December \/ 9 December \/ 10 December \/ Floorplan Thursday 8 December 8:45 &#8211; 9:45 | Main Floor Registration Special Exhibitions and Events Art and craft exhibition curated by Victoria Vorreiter \u201cCultural treasures of the Golden Triangle&#8221; &#8220;Mana Maria&#8221; exhibition under the East Timor Studies panel by Maria Madeira Book sales &amp; booths from [&hellip;]<\/p>\n","protected":false},"author":1,"featured_media":0,"parent":0,"menu_order":0,"comment_status":"closed","ping_status":"closed","template":"","meta":[],"_links":{"self":[{"href":"https:\/\/web.rcsd.soc.cmu.ac.th\/multiple\/index.php?rest_route=\/wp\/v2\/pages\/65"}],"collection":[{"href":"https:\/\/web.rcsd.soc.cmu.ac.th\/multiple\/index.php?rest_route=\/wp\/v2\/pages"}],"about":[{"href":"https:\/\/web.rcsd.soc.cmu.ac.th\/multiple\/index.php?rest_route=\/wp\/v2\/types\/page"}],"author":[{"embeddable":true,"href":"https:\/\/web.rcsd.soc.cmu.ac.th\/multiple\/index.php?rest_route=\/wp\/v2\/users\/1"}],"replies":[{"embeddable":true,"href":"https:\/\/web.rcsd.soc.cmu.ac.th\/multiple\/index.php?rest_route=%2Fwp%2Fv2%2Fcomments&post=65"}],"version-history":[{"count":50,"href":"https:\/\/web.rcsd.soc.cmu.ac.th\/multiple\/index.php?rest_route=\/wp\/v2\/pages\/65\/revisions"}],"predecessor-version":[{"id":128776,"href":"https:\/\/web.rcsd.soc.cmu.ac.th\/multiple\/index.php?rest_route=\/wp\/v2\/pages\/65\/revisions\/128776"}],"wp:attachment":[{"href":"https:\/\/web.rcsd.soc.cmu.ac.th\/multiple\/index.php?rest_route=%2Fwp%2Fv2%2Fmedia&parent=65"}],"curies":[{"name":"wp","href":"https:\/\/api.w.org\/{rel}","templated":true}]}}